{"id":4135,"date":"2024-12-19T17:42:44","date_gmt":"2024-12-19T16:42:44","guid":{"rendered":"https:\/\/indusall.be\/?page_id=4135"},"modified":"2024-12-19T19:46:40","modified_gmt":"2024-12-19T18:46:40","slug":"services","status":"publish","type":"page","link":"https:\/\/indusall.be\/index.php\/services\/","title":{"rendered":"Nos services"},"content":{"rendered":"<div class=\"wpb-content-wrapper\"><p>[vc_row][vc_column]<div class=\"mf-empty-space \" style=\"\"><div class=\"mf_empty_space_lg\"  style=\"height: 80px\"><\/div><div class=\"mf_empty_space_md\"  style=\"height: 50px\"><\/div><div class=\"mf_empty_space_xs\"  style=\"height: 50px\"><\/div><\/div>[\/vc_column][\/vc_row][vc_row][vc_column offset=\u00a0\u00bbvc_col-lg-4 vc_col-md-12&Prime;][vc_single_image image=\u00a0\u00bb3855&Prime; img_size=\u00a0\u00bb370&#215;360&Prime;]<div class=\"mf-empty-space \" style=\"\"><div class=\"mf_empty_space_lg\"  style=\"height: 50px\"><\/div><div class=\"mf_empty_space_md\"  style=\"height: 30px\"><\/div><div class=\"mf_empty_space_xs\"  style=\"height: 30px\"><\/div><\/div>[\/vc_column][vc_column offset=\u00a0\u00bbvc_col-lg-4 vc_col-md-12&Prime;][vc_custom_heading text=\u00a0\u00bbDes Solutions Sur-Mesure pour Optimiser Vos Processus Industriels\u00a0\u00bb font_container=\u00a0\u00bbtag:h2|font_size:20|text_align:left\u00a0\u00bb use_theme_fonts=\u00a0\u00bbyes\u00a0\u00bb el_class=\u00a0\u00bbfw-medium\u00a0\u00bb css=\u00a0\u00bb.vc_custom_1734626953988{margin-top: 0px !important;margin-bottom: 0px !important;}\u00a0\u00bb]<div class=\"mf-empty-space \" style=\"\"><div class=\"mf_empty_space_lg\"  style=\"height: 20px\"><\/div><div class=\"mf_empty_space_md\"  style=\"height: 20px\"><\/div><div class=\"mf_empty_space_xs\"  style=\"height: 20px\"><\/div><\/div>[vc_column_text]Chez <strong>INDUSALL<\/strong>, nous nous consacrons \u00e0 offrir des solutions adapt\u00e9es aux besoins sp\u00e9cifiques de chaque entreprise industrielle. Gr\u00e2ce \u00e0 notre expertise technique approfondie et \u00e0 des m\u00e9thodes \u00e9prouv\u00e9es, nous aidons nos clients \u00e0 optimiser leurs performances, r\u00e9duire leurs co\u00fbts et relever les d\u00e9fis croissants du secteur industriel.<\/p>\n<p>Notre approche globale couvre tous les aspects critiques de la maintenance et de l\u2019optimisation des processus industriels. Nous proposons des services allant du <strong>consulting strat\u00e9gique<\/strong> \u00e0 la <strong>formation professionnelle<\/strong>, en passant par la mise en \u0153uvre de <strong>SAP PM<\/strong>, le <strong>coaching d\u2019\u00e9quipes<\/strong>, et la <strong>pr\u00e9paration aux audits<\/strong>. Chaque solution est con\u00e7ue pour assurer des op\u00e9rations fluides, une standardisation efficace et une am\u00e9lioration continue.<\/p>\n<p>Que vous cherchiez \u00e0 renforcer la comp\u00e9tence de vos \u00e9quipes, \u00e0 optimiser vos processus ou \u00e0 garantir la conformit\u00e9 lors d\u2019audits industriels, INDUSALL est votre alli\u00e9. Nous nous engageons \u00e0 fournir des r\u00e9sultats concrets et mesurables, en transformant vos d\u00e9fis industriels en opportunit\u00e9s de croissance durable.<\/p>\n<p><strong>Avec INDUSALL, pr\u00e9parez votre entreprise \u00e0 atteindre de nouveaux sommets en performance et en excellence op\u00e9rationnelle.<\/strong>[\/vc_column_text]<div class=\"mf-empty-space \" style=\"\"><div class=\"mf_empty_space_lg\"  style=\"height: 15px\"><\/div><div class=\"mf_empty_space_md\"  style=\"height: 15px\"><\/div><div class=\"mf_empty_space_xs\"  style=\"height: 15px\"><\/div><\/div>[\/vc_column][vc_column offset=\u00a0\u00bbvc_col-lg-4 vc_col-md-12&Prime;][vc_tta_accordion style=\u00a0\u00bbflat\u00a0\u00bb shape=\u00a0\u00bbsquare\u00a0\u00bb color=\u00a0\u00bbwhite\u00a0\u00bb c_icon=\u00a0\u00bbchevron\u00a0\u00bb active_section=\u00a0\u00bb2&Prime;][vc_tta_section title=\u00a0\u00bbNotre Mission\u00a0\u00bb tab_id=\u00a0\u00bb1508747151686-14cd83fe-86c0&Prime;][vc_column_text]Chez <strong>INDUSALL<\/strong>, notre mission est de soutenir les entreprises industrielles en leur proposant des solutions innovantes en maintenance, visant \u00e0 am\u00e9liorer leur efficacit\u00e9, r\u00e9duire les temps d&rsquo;arr\u00eat et optimiser les co\u00fbts op\u00e9rationnels. Nous sommes engag\u00e9s \u00e0 offrir des strat\u00e9gies personnalis\u00e9es et une expertise pratique pour accompagner nos clients vers une croissance durable et une excellence op\u00e9rationnelle.[\/vc_column_text][\/vc_tta_section][vc_tta_section title=\u00a0\u00bbNotre Vision\u00a0\u00bb tab_id=\u00a0\u00bb1508747188911-376a52e4-45e9&Prime;][vc_column_text]Notre vision est de devenir un partenaire de confiance reconnu \u00e0 l\u2019\u00e9chelle internationale pour nos solutions en maintenance industrielle et en optimisation des processus. En combinant des m\u00e9thodologies \u00e9prouv\u00e9es issues de l\u2019Europe, du Japon et de la Cor\u00e9e, nous souhaitons accompagner les entreprises industrielles vers une performance durable et une am\u00e9lioration continue, tout en restant \u00e0 l\u2019\u00e9coute de leurs besoins sp\u00e9cifiques.[\/vc_column_text][\/vc_tta_section][vc_tta_section title=\u00a0\u00bbNos Strat\u00e9gies\u00a0\u00bb tab_id=\u00a0\u00bb1508747186558-5a68f830-d129&Prime;][vc_column_text]<\/p>\n<ul>\n<li><strong>Approche centr\u00e9e sur le client :<\/strong> Nous mettons un point d&rsquo;honneur \u00e0 comprendre vos d\u00e9fis sp\u00e9cifiques pour concevoir des solutions adapt\u00e9es \u00e0 vos objectifs.<\/li>\n<li><strong>Expertise internationale :<\/strong> Avec des d\u00e9cennies d&rsquo;exp\u00e9rience \u00e0 l\u2019\u00e9chelle mondiale, nous int\u00e9grons des m\u00e9thodologies \u00e9prouv\u00e9es et des pratiques innovantes issues des grands p\u00f4les industriels.<\/li>\n<li><strong>Formation et autonomisation :<\/strong> En formant vos \u00e9quipes, nous leur donnons les outils n\u00e9cessaires pour maintenir les am\u00e9liorations sur le long terme.<\/li>\n<li><strong>Solutions bas\u00e9es sur les donn\u00e9es :<\/strong> Nous utilisons des diagnostics d\u00e9taill\u00e9s et des indicateurs de performance pour \u00e9laborer des plans d\u2019action mesurables et efficaces.<\/li>\n<li><strong>Engagement pour l&rsquo;excellence :<\/strong> Chaque projet est ex\u00e9cut\u00e9 avec pr\u00e9cision, dans le but de d\u00e9passer vos attentes et d\u2019\u00e9tablir de nouveaux standards dans l\u2019industrie.<\/li>\n<\/ul>\n<p>[\/vc_column_text][\/vc_tta_section][\/vc_tta_accordion]<div class=\"mf-empty-space \" style=\"\"><div class=\"mf_empty_space_lg\"  style=\"height: 50px\"><\/div><div class=\"mf_empty_space_md\"  style=\"height: 30px\"><\/div><div class=\"mf_empty_space_xs\"  style=\"height: 30px\"><\/div><\/div>[\/vc_column][\/vc_row][vc_row][vc_column width=\u00a0\u00bb1\/2&Prime;][\/vc_column][vc_column width=\u00a0\u00bb1\/2&Prime;][\/vc_column][\/vc_row]<\/p>\n<\/div>","protected":false},"excerpt":{"rendered":"<p>[vc_row][vc_column][\/vc_column][\/vc_row][vc_row][vc_column offset=\u00a0\u00bbvc_col-lg-4 vc_col-md-12&Prime;][vc_single_image image=\u00a0\u00bb3855&Prime; img_size=\u00a0\u00bb370&#215;360&Prime;][\/vc_column][vc_column offset=\u00a0\u00bbvc_col-lg-4 vc_col-md-12&Prime;][vc_custom_heading text=\u00a0\u00bbDes Solutions Sur-Mesure pour Optimiser Vos Processus Industriels\u00a0\u00bb font_container=\u00a0\u00bbtag:h2|font_size:20|text_align:left\u00a0\u00bb use_theme_fonts=\u00a0\u00bbyes\u00a0\u00bb el_class=\u00a0\u00bbfw-medium\u00a0\u00bb css=\u00a0\u00bb.vc_custom_1734626953988{margin-top: 0px !important;margin-bottom: 0px !important;}\u00a0\u00bb][vc_column_text]Chez INDUSALL, nous nous consacrons \u00e0 offrir des solutions adapt\u00e9es aux besoins sp\u00e9cifiques de chaque entreprise industrielle. Gr\u00e2ce \u00e0 notre expertise technique approfondie et \u00e0 des m\u00e9thodes \u00e9prouv\u00e9es, nous aidons nos clients \u00e0 [&hellip;]<\/p>\n","protected":false},"author":1,"featured_media":0,"parent":0,"menu_order":0,"comment_status":"closed","ping_status":"closed","template":"template-fullwidth.php","meta":{"footnotes":""},"yoast_head":"<!-- This site is optimized with the Yoast SEO plugin v23.0 - https:\/\/yoast.com\/wordpress\/plugins\/seo\/ -->\n<title>Nos services - INDUSALL - Maintenance Solutions<\/title>\n<meta name=\"robots\" content=\"index, follow, max-snippet:-1, max-image-preview:large, max-video-preview:-1\" \/>\n<link rel=\"canonical\" href=\"https:\/\/indusall.be\/index.php\/services\/\" \/>\n<meta property=\"og:locale\" content=\"fr_FR\" \/>\n<meta property=\"og:type\" content=\"article\" \/>\n<meta property=\"og:title\" content=\"Nos services - INDUSALL - Maintenance Solutions\" \/>\n<meta property=\"og:description\" content=\"[vc_row][vc_column][\/vc_column][\/vc_row][vc_row][vc_column offset=\u00a0\u00bbvc_col-lg-4 vc_col-md-12&Prime;][vc_single_image image=\u00a0\u00bb3855&Prime; img_size=\u00a0\u00bb370&#215;360&Prime;][\/vc_column][vc_column offset=\u00a0\u00bbvc_col-lg-4 vc_col-md-12&Prime;][vc_custom_heading text=\u00a0\u00bbDes Solutions Sur-Mesure pour Optimiser Vos Processus Industriels\u00a0\u00bb font_container=\u00a0\u00bbtag:h2|font_size:20|text_align:left\u00a0\u00bb use_theme_fonts=\u00a0\u00bbyes\u00a0\u00bb el_class=\u00a0\u00bbfw-medium\u00a0\u00bb css=\u00a0\u00bb.vc_custom_1734626953988{margin-top: 0px !important;margin-bottom: 0px !important;}\u00a0\u00bb][vc_column_text]Chez INDUSALL, nous nous consacrons \u00e0 offrir des solutions adapt\u00e9es aux besoins sp\u00e9cifiques de chaque entreprise industrielle. Gr\u00e2ce \u00e0 notre expertise technique approfondie et \u00e0 des m\u00e9thodes \u00e9prouv\u00e9es, nous aidons nos clients \u00e0 [&hellip;]\" \/>\n<meta property=\"og:url\" content=\"https:\/\/indusall.be\/index.php\/services\/\" \/>\n<meta property=\"og:site_name\" content=\"INDUSALL - Maintenance Solutions\" \/>\n<meta property=\"article:publisher\" content=\"https:\/\/www.facebook.com\/IndusallBE\/\" \/>\n<meta property=\"article:modified_time\" content=\"2024-12-19T18:46:40+00:00\" \/>\n<meta property=\"og:image\" content=\"https:\/\/indusall.be\/wp-content\/uploads\/2024\/03\/logo.png\" \/>\n\t<meta property=\"og:image:width\" content=\"475\" \/>\n\t<meta property=\"og:image:height\" content=\"160\" \/>\n\t<meta property=\"og:image:type\" content=\"image\/png\" \/>\n<meta name=\"twitter:card\" content=\"summary_large_image\" \/>\n<meta name=\"twitter:label1\" content=\"Dur\u00e9e de lecture estim\u00e9e\" \/>\n\t<meta name=\"twitter:data1\" content=\"3 minutes\" \/>\n<script type=\"application\/ld+json\" class=\"yoast-schema-graph\">{\"@context\":\"https:\/\/schema.org\",\"@graph\":[{\"@type\":\"WebPage\",\"@id\":\"https:\/\/indusall.be\/index.php\/services\/\",\"url\":\"https:\/\/indusall.be\/index.php\/services\/\",\"name\":\"Nos services - INDUSALL - Maintenance Solutions\",\"isPartOf\":{\"@id\":\"https:\/\/indusall.be\/#website\"},\"datePublished\":\"2024-12-19T16:42:44+00:00\",\"dateModified\":\"2024-12-19T18:46:40+00:00\",\"breadcrumb\":{\"@id\":\"https:\/\/indusall.be\/index.php\/services\/#breadcrumb\"},\"inLanguage\":\"fr-FR\",\"potentialAction\":[{\"@type\":\"ReadAction\",\"target\":[\"https:\/\/indusall.be\/index.php\/services\/\"]}]},{\"@type\":\"BreadcrumbList\",\"@id\":\"https:\/\/indusall.be\/index.php\/services\/#breadcrumb\",\"itemListElement\":[{\"@type\":\"ListItem\",\"position\":1,\"name\":\"Accueil\",\"item\":\"https:\/\/indusall.be\/\"},{\"@type\":\"ListItem\",\"position\":2,\"name\":\"Nos services\"}]},{\"@type\":\"WebSite\",\"@id\":\"https:\/\/indusall.be\/#website\",\"url\":\"https:\/\/indusall.be\/\",\"name\":\"INDUSALL - Maintenance Solutions\",\"description\":\"Maintenance Excellence\",\"publisher\":{\"@id\":\"https:\/\/indusall.be\/#organization\"},\"alternateName\":\"Indusall - Consultance de Miantenance\",\"potentialAction\":[{\"@type\":\"SearchAction\",\"target\":{\"@type\":\"EntryPoint\",\"urlTemplate\":\"https:\/\/indusall.be\/?s={search_term_string}\"},\"query-input\":\"required name=search_term_string\"}],\"inLanguage\":\"fr-FR\"},{\"@type\":\"Organization\",\"@id\":\"https:\/\/indusall.be\/#organization\",\"name\":\"INDUSALL - Maintenance Solutions\",\"url\":\"https:\/\/indusall.be\/\",\"logo\":{\"@type\":\"ImageObject\",\"inLanguage\":\"fr-FR\",\"@id\":\"https:\/\/indusall.be\/#\/schema\/logo\/image\/\",\"url\":\"https:\/\/indusall.be\/wp-content\/uploads\/2024\/03\/logo-indusall.png\",\"contentUrl\":\"https:\/\/indusall.be\/wp-content\/uploads\/2024\/03\/logo-indusall.png\",\"width\":475,\"height\":160,\"caption\":\"INDUSALL - Maintenance Solutions\"},\"image\":{\"@id\":\"https:\/\/indusall.be\/#\/schema\/logo\/image\/\"},\"sameAs\":[\"https:\/\/www.facebook.com\/IndusallBE\/\"]}]}<\/script>\n<!-- \/ Yoast SEO plugin. -->","yoast_head_json":{"title":"Nos services - INDUSALL - Maintenance Solutions","robots":{"index":"index","follow":"follow","max-snippet":"max-snippet:-1","max-image-preview":"max-image-preview:large","max-video-preview":"max-video-preview:-1"},"canonical":"https:\/\/indusall.be\/index.php\/services\/","og_locale":"fr_FR","og_type":"article","og_title":"Nos services - INDUSALL - Maintenance Solutions","og_description":"[vc_row][vc_column][\/vc_column][\/vc_row][vc_row][vc_column offset=\u00a0\u00bbvc_col-lg-4 vc_col-md-12&Prime;][vc_single_image image=\u00a0\u00bb3855&Prime; img_size=\u00a0\u00bb370&#215;360&Prime;][\/vc_column][vc_column offset=\u00a0\u00bbvc_col-lg-4 vc_col-md-12&Prime;][vc_custom_heading text=\u00a0\u00bbDes Solutions Sur-Mesure pour Optimiser Vos Processus Industriels\u00a0\u00bb font_container=\u00a0\u00bbtag:h2|font_size:20|text_align:left\u00a0\u00bb use_theme_fonts=\u00a0\u00bbyes\u00a0\u00bb el_class=\u00a0\u00bbfw-medium\u00a0\u00bb css=\u00a0\u00bb.vc_custom_1734626953988{margin-top: 0px !important;margin-bottom: 0px !important;}\u00a0\u00bb][vc_column_text]Chez INDUSALL, nous nous consacrons \u00e0 offrir des solutions adapt\u00e9es aux besoins sp\u00e9cifiques de chaque entreprise industrielle. Gr\u00e2ce \u00e0 notre expertise technique approfondie et \u00e0 des m\u00e9thodes \u00e9prouv\u00e9es, nous aidons nos clients \u00e0 [&hellip;]","og_url":"https:\/\/indusall.be\/index.php\/services\/","og_site_name":"INDUSALL - Maintenance Solutions","article_publisher":"https:\/\/www.facebook.com\/IndusallBE\/","article_modified_time":"2024-12-19T18:46:40+00:00","og_image":[{"width":475,"height":160,"url":"https:\/\/indusall.be\/wp-content\/uploads\/2024\/03\/logo.png","type":"image\/png"}],"twitter_card":"summary_large_image","twitter_misc":{"Dur\u00e9e de lecture estim\u00e9e":"3 minutes"},"schema":{"@context":"https:\/\/schema.org","@graph":[{"@type":"WebPage","@id":"https:\/\/indusall.be\/index.php\/services\/","url":"https:\/\/indusall.be\/index.php\/services\/","name":"Nos services - INDUSALL - Maintenance Solutions","isPartOf":{"@id":"https:\/\/indusall.be\/#website"},"datePublished":"2024-12-19T16:42:44+00:00","dateModified":"2024-12-19T18:46:40+00:00","breadcrumb":{"@id":"https:\/\/indusall.be\/index.php\/services\/#breadcrumb"},"inLanguage":"fr-FR","potentialAction":[{"@type":"ReadAction","target":["https:\/\/indusall.be\/index.php\/services\/"]}]},{"@type":"BreadcrumbList","@id":"https:\/\/indusall.be\/index.php\/services\/#breadcrumb","itemListElement":[{"@type":"ListItem","position":1,"name":"Accueil","item":"https:\/\/indusall.be\/"},{"@type":"ListItem","position":2,"name":"Nos services"}]},{"@type":"WebSite","@id":"https:\/\/indusall.be\/#website","url":"https:\/\/indusall.be\/","name":"INDUSALL - Maintenance Solutions","description":"Maintenance Excellence","publisher":{"@id":"https:\/\/indusall.be\/#organization"},"alternateName":"Indusall - Consultance de Miantenance","potentialAction":[{"@type":"SearchAction","target":{"@type":"EntryPoint","urlTemplate":"https:\/\/indusall.be\/?s={search_term_string}"},"query-input":"required name=search_term_string"}],"inLanguage":"fr-FR"},{"@type":"Organization","@id":"https:\/\/indusall.be\/#organization","name":"INDUSALL - Maintenance Solutions","url":"https:\/\/indusall.be\/","logo":{"@type":"ImageObject","inLanguage":"fr-FR","@id":"https:\/\/indusall.be\/#\/schema\/logo\/image\/","url":"https:\/\/indusall.be\/wp-content\/uploads\/2024\/03\/logo-indusall.png","contentUrl":"https:\/\/indusall.be\/wp-content\/uploads\/2024\/03\/logo-indusall.png","width":475,"height":160,"caption":"INDUSALL - Maintenance Solutions"},"image":{"@id":"https:\/\/indusall.be\/#\/schema\/logo\/image\/"},"sameAs":["https:\/\/www.facebook.com\/IndusallBE\/"]}]}},"_links":{"self":[{"href":"https:\/\/indusall.be\/index.php\/wp-json\/wp\/v2\/pages\/4135"}],"collection":[{"href":"https:\/\/indusall.be\/index.php\/wp-json\/wp\/v2\/pages"}],"about":[{"href":"https:\/\/indusall.be\/index.php\/wp-json\/wp\/v2\/types\/page"}],"author":[{"embeddable":true,"href":"https:\/\/indusall.be\/index.php\/wp-json\/wp\/v2\/users\/1"}],"replies":[{"embeddable":true,"href":"https:\/\/indusall.be\/index.php\/wp-json\/wp\/v2\/comments?post=4135"}],"version-history":[{"count":9,"href":"https:\/\/indusall.be\/index.php\/wp-json\/wp\/v2\/pages\/4135\/revisions"}],"predecessor-version":[{"id":4148,"href":"https:\/\/indusall.be\/index.php\/wp-json\/wp\/v2\/pages\/4135\/revisions\/4148"}],"wp:attachment":[{"href":"https:\/\/indusall.be\/index.php\/wp-json\/wp\/v2\/media?parent=4135"}],"curies":[{"name":"wp","href":"https:\/\/api.w.org\/{rel}","templated":true}]}}